is divided by 31.
0
Calculate the remainder when 1753 is divided by 15.
13
Calculate the remainder when 626 is divided by 22.
10
Calculate the remainder when 296 is divided by 25.
21
What is the remainder when 2855 is divided by 51?
50
Calculate the remainder when 1198 is divided by 20.
18
What is the remainder when 218 is divided by 55?
53
What is the remainder when 5253 is divided by 71?
70
What is the remainder when 424 is divided by 91?
60
Calculate the remainder when 208 is divided by 20.
8
What is the remainder when 220 is divided by 13?
12
Calculate the remainder when 63 is divided by 11.
8
Calculate the remainder when 879 is divided by 288.
15
Calculate the remainder when 56 is divided by 29.
27
Calculate the remainder when 119 is divided by 14.
7
What is the remainder when 42 is divided by 13?
3
What is the remainder when 119 is divided by 30?
29
Calculate the remainder when 457 is divided by 124.
85
What is the remainder when 598 is divided by 76?
66
Calculate the remainder when 1762 is divided by 262.
190
Calculate the remainder when 56 is divided by 52.
4
What is the remainder when 7200 is divided by 3592?
16
What is the remainder when 950 is divided by 17?
15
Calculate the remainder when 8 is divided by 5.
3
Calculate the remainder when 1435 is divided by 81.
58
Calculate the remainder when 8249 is divided by 125.
124
What is the remainder when 35150 is divided by 17?
11
What is the remainder when 53 is divided by 19?
15
What is the remainder when 18 is divided by 18?
0
What is the remainder when 15 is divided by 10?
5
What is the remainder when 11158 is divided by 124?
122
What is the remainder when 390 is divided by 198?
192
Calculate the remainder when 516 is divided by 138.
102
Calculate the remainder when 228 is divided by 29.
25
Calculate the remainder when 76 is divided by 20.
16
What is the remainder when 526 is divided by 89?
81
Calculate the remainder when 295 is divided by 30.
25
What is the remainder when 158 is divided by 33?
26
What is the remainder when 748 is divided by 148?
8
Calculate the remainder when 292 is divided by 48.
4
Calculate the remainder when 3737 is divided by 43.
39
Calculate the remainder when 13325 is divided by 4.
1
Calculate the remainder when 179 is divided by 2.
1
Calculate the remainder when 38 is divided by 3.
2
Calculate the remainder when 125 is divided by 13.
8
What is the remainder when 64 is divided by 19?
7
What is the remainder when 207 is divided by 70?
67
What is the remainder when 156 is divided by 16?
12
What is the remainder when 651 is divided by 362?
289
What is the remainder when 869 is divided by 110?
99
What is the remainder when 605 is divided by 359?
246
What is the remainder when 177 is divided by 10?
7
What is the remainder when 269 is divided by 5?
4
Calculate the remainder when 227 is divided by 46.
43
Calculate the remainder when 20531 is divided by 29.
28
What is the remainder when 1097 is divided by 137?
1
What is the remainder when 2218 is divided by 22?
18
Calculate the remainder when 432 is divided by 87.
84
Calculate the remainder when 567 is divided by 208.
151
Calculate the remainder when 631 is divided by 208.
7
What is the remainder when 150 is divided by 13?
7
What is the remainder when 905 is divided by 81?
14
What is the remainder when 151 is divided by 38?
37
Calculate the remainder when 3720 is divided by 51.
48
Calculate the remainder when 130 is divided by 48.
34
Calculate the remainder when 2248 is divided by 47.
39
What is the remainder when 1638 is divided by 137?
131
Calculate the remainder when 906 is divided by 293.
27
What is the remainder when 1240 is divided by 17?
16
What is the remainder when 2509 is divided by 8?
5
What is the remainder when 600 is divided by 59?
10
Calculate the remainder when 2528 is divided by 627.
20
Calculate the remainder when 18476 is divided by 14.
10
What is the remainder when 269 is divided by 85?
14
What is the remainder when 367 is divided by 10?
7
Calculate the remainder when 503 is divided by 55.
8
Calculate the remainder when 1020 is divided by 84.
12
Calculate the remainder when 526 is divided by 48.
46
Calculate the remainder when 40 is divided by 24.
16
Calculate the remainder when 200 is divided by 8.
0
Calculate the remainder when 206 is divided by 8.
6
Calculate the remainder when 193 is divided by 15.
13
What is the remainder when 2141 is divided by 264?
29
What is the remainder when 62 is divided by 3?
2
What is the remainder when 438 is divided by 49?
46
What is the remainder when 40 is divided by 6?
4
What is the remainder when 1301 is divided by 42?
41
Calculate the remainder when 246 is divided by 74.
24
Calculate the remainder when 5858 is divided by 163.
153
What is the remainder when 1994 is divided by 221?
5
What is the remainder when 143 is divided by 81?
62
Calculate the remainder when 3111 is divided by 33.
9
What is the remainder when 471 is divided by 363?
108
What is the remainder when 155 is divided by 59?
37
What is the remainder when 154 is divided by 26?
24
What is the remainder when 3956 is divided by 88?
84
What is the remainder when 1294 is divided by 211?
28
Calculate the remainder when 6959 is divided by 129.
122
What is the remainder when 79 is divided by 21?
16
What is the remainder when 1207 is divided by 93?
91
What is the remainder when 95 is divided by 32?
31
Calculate the remainder when 884 is divided by 55.
4
What is the remainder when 2997 is divided by 40?
37
Calculate the remainder when 546 is divided by 103.
31
What is the remainder when 1605 is divided by 40?
5
Calculate the remainder when 233 is divided by 80.
73
What is the remainder when 2616 is divided by 69?
63
Calculate the remainder when 5089 is divided by 130.
19
Calculate the remainder when 606 is divided by 20.
6
Calculate the remainder when 43 is divided by 15.
13
Calculate the remainder when 153 is divided by 31.
29
Calculate the remainder when 16697 is divided by 100.
97
What is the remainder when 346 is divided by 60?
46
What is the remainder when 5654 is divided by 195?
194
Calculate the remainder when 676 is divided by 185.
121
What is the remainder when 917 is divided by 14?
7
Calculate the remainder when 5464 is divided by 72.
64
What is the remainder when 229 is divided by 26?
21
What is the remainder when 1462 is divided by 11?
10
Calculate the remainder when 713 is divided by 106.
77
Calculate the remainder when 1674 is divided by 29.
21
Calculate the remainder when 292 is divided by 51.
37
Calculate the remainder when 1956 is divided by 98.
94
Calculate the remainder when 777 is divided by 12.
9
What is the remainder when 428 is divided by 62?
56
Calculate the remainder when 116 is divided by 55.
6
What is the remainder when 253 is divided by 13?
6
Calculate the remainder when 12347 is divided by 38.
35
What is the remainder when 247 is divided by 178?
69
What is the remainder when 13172 is divided by 17?
14
What is the remainder when 362 is divided by 73?
70
Calculate the remainder when 3540 is divided by 197.
191
Calculate the remainder when 550 is divided by 150.
100
What is the remainder when 207 is divided by 53?
48
What is the remainder when 53 is divided by 4?
1
Calculate the remainder when 174 is divided by 61.
52
What is the remainder when 333 is divided by 19?
10
Calculate the remainder when 231 is divided by 1.
0
Calculate the remainder when 379 is divided by 65.
54
What is the remainder when 139 is divided by 29?
23
Calculate the remainder when 1129 is divided by 7.
2
Calculate the remainder when 985 is divided by 487.
11
What is the remainder when 80 is divided by 28?
24
What is the remainder when 67 is divided by 25?
17
What is the remainder when 342 is divided by 204?
138
What is the remainder when 479 is divided by 97?
91
What is the remainder when 54 is divided by 15?
9
Calculate the remainder when 159 is divided by 15.
9
What is the remainder when 2676 is divided by 209?
168
What is the remainder when 370 is divided by 61?
4
What is the remainder when 509 is divided by 50?
9
Calculate the remainder when 93 is divided by 46.
1
Calculate the remainder when 1090 is divided by 156.
154
What is the remainder when 6456 is divided by 645?
6
Calculate the remainder when 442 is 